0?
False
Is 225144669 a multiple of 611?
False
Is 592 a factor of 190770592?
False
Is 2 a factor of 68939837?
False
Is 537796316 a multiple of 284?
True
Is 51256524 a multiple of 66?
True
Does 36 divide 81513634?
False
Is 13 a factor of 7377041?
False
Is 182 a factor of 68374488?
True
Is 967 a factor of 3410967916?
False
Is 322034319 a multiple of 27?
True
Is 31447932 a multiple of 12?
True
Is 6248905 a multiple of 19?
False
Does 18 divide 998307864?
True
Is 3661 a factor of 97049449?
True
Is 114 a factor of 55955304?
True
Is 115659450 a multiple of 662?
False
Does 233 divide 76386942?
False
Is 31 a factor of 55335530?
False
Is 3670198686 a multiple of 3906?
True
Does 243 divide 37255231?
False
Does 31 divide 156048265?
True
Is 39 a factor of 502175232?
True
Is 505 a factor of 11925070?
True
Is 382 a factor of 1239451907?
False
Is 14588000 a multiple of 16?
True
Is 1239 a factor of 456207234?
True
Does 126 divide 2254927626?
True
Is 415 a factor of 412461597?
False
Does 97 divide 9122420?
False
Is 13107952 a multiple of 442?
True
Is 2 a factor of 418314?
True
Is 4509014 a multiple of 13?
False
Does 657 divide 709345818?
True
Is 520 a factor of 803983456?
False
Does 31 divide 3211863425?
False
Does 22 divide 189237248?
False
Is 107736380 a multiple of 942?
False
Does 210 divide 140649798?
False
Is 636 a factor of 443938176?
True
Does 677 divide 32019483?
False
Does 2365 divide 304436990?
True
Does 356 divide 53895908?
True
Is 85 a factor of 83126086?
False
Is 31054120 a multiple of 586?
False
Does 250 divide 460299250?
True
Is 4 a factor of 3266047876?
True
Is 778097255 a multiple of 43?
True
Does 11 divide 119323203?
False
Is 6 a factor of 42471160?
False
Is 759 a factor of 3443094204?
True
Is 52 a factor of 441003888?
True
Is 19084066 a multiple of 2787?
False
Is 22 a factor of 2673341022?
True
Does 4 divide 34471616?
True
Does 11 divide 271015922?
False
Is 144 a factor of 13282848?
True
Is 33165008 a multiple of 16?
True
Is 259930602 a multiple of 1577?
True
Is 1384900 a multiple of 324?
False
Does 33 divide 18945366?
True
Does 108 divide 60219562?
False
Is 49905693 a multiple of 1498?
False
Is 2796022234 a multiple of 238?
False
Does 17 divide 11306292?
True
Is 1272 a factor of 1102843158?
False
Is 176108448 a multiple of 886?
True
Is 3419699760 a multiple of 36?
True
Does 7 divide 188767769?
False
Is 30249172 a multiple of 3?
False
Is 3202935 a multiple of 201?
True
Is 114 a factor of 969807462?
True
Is 132374001 a multiple of 251?
False
Is 17754553 a multiple of 96?
False
Is 292222026 a multiple of 2432?
False
Is 114 a factor of 138462960?
False
Is 24 a factor of 4389235?
False
Is 288987445 a multiple of 2480?
False
Is 141863963 a multiple of 100?
False
Does 44 divide 25760372?
True
Is 274 a factor of 4507773?
False
Is 91 a factor of 181453887?
False
Is 318981072 a multiple of 8?
True
Is 304684096 a multiple of 16?
True
Is 1699 a factor of 688694747?
True
Is 265 a factor of 818772620?
True
Does 5468 divide 3002387065?
False
Does 3487 divide 24569402?
True
Is 1967007154 a multiple of 14?
True
Is 5481625513 a multiple of 4078?
False
Does 21 divide 174368628?
True
Is 123 a factor of 782533948?
False
Is 56037888 a multiple of 9?
True
Does 15 divide 1674969855?
True
Does 463 divide 323319382?
True
Is 140422345 a multiple of 193?
False
Is 4451135 a multiple of 13?
True
Is 36843937 a multiple of 14?
False
Is 1191 a factor of 265465563?
True
Is 10 a factor of 45711900?
True
Is 22 a factor of 230070368?
True
Is 69320251 a multiple of 91?
True
Is 15 a factor of 531439836?
False
Is 4 a factor of 678429546?
False
Is 589478085 a multiple of 315?
True
Is 7 a factor of 2330123?
False
Is 1153258793 a multiple of 323?
False
Does 55 divide 99742328?
False
Does 4 divide 636245122?
False
Does 2 divide 7024354?
True
Does 277 divide 1757576911?
True
Is 24835415 a multiple of 265?
False
Does 508 divide 35345489?
False
Is 46 a factor of 17959734?
True
Is 1545484 a multiple of 116?
False
Is 8 a factor of 84451376?
True
Does 2039 divide 704015725?
True
Does 17 divide 58895191?
True
Does 23 divide 80294264?
False
Does 63 divide 1883443590?
True
Is 2960940078 a multiple of 3374?
False
Is 12 a factor of 180085860?
True
Does 203 divide 5745306?
True
Does 4 divide 127944061?
False
Is 11478264 a multiple of 4?
True
Does 73 divide 358864063?
False
Is 540379848 a multiple of 3174?
True
Does 4407 divide 1162302429?
False
Is 77689986 a multiple of 1243?
True
Does 266 divide 258315260?
True
Is 2684 a factor of 1091410929?
False
Does 1351 divide 18264300?
False
Is 13 a factor of 7163119?
False
Does 350 divide 19163200?
True
Does 10 divide 155729086?
False
Does 503 divide 370993118?
False
Does 49 divide 51523108?
True
Does 2398 divide 2953075?
False
Is 42 a factor of 228947412?
False
Is 15282166 a multiple of 852?
False
Is 10 a factor of 808405140?
True
Is 261 a factor of 208792953?
True
Is 31 a factor of 116911018?
False
Is 10 a factor of 1278160899?
False
Does 21 divide 15635506?
False
Is 4 a factor of 157072128?
True
Is 27111051 a multiple of 29?
False
Is 48 a factor of 176758992?
True
Is 63344226 a multiple of 71?
False
Is 330470708 a multiple of 2949?
False
Does 34 divide 46683870?
True
Is 219342580 a multiple of 6?
False
Does 2823 divide 200483814?
True
Is 412 a factor of 117428823?
False
Is 189 a factor of 1937462247?
True
Is 107516277 a multiple of 159?
True
Is 50753476 a multiple of 1751?
False
Is 83460579 a multiple of 10?
False
Is 9 a factor of 131238997?
False
Is 516129443 a multiple of 767?
False
Is 252452151 a multiple of 63?
True
Is 202 a factor of 196471537?
False
Does 331 divide 4467752?
False
Does 38 divide 61417446?
False
Does 3 divide 16089476?
False
Is 2402528220 a multiple of 30?
True
Is 29 a factor of 250780777?
True
Does 19 divide 5064516?
False
Is 30004040 a multiple of 3589?
True
Does 855 divide 71322248?
False
Does 442 divide 233251823?
False
Is 69 a factor of 2583894?
False
Is 1970 a factor of 21317370?
True
Is 16999224 a multiple of 456?
True
Is 47 a factor of 982474437?
False
Does 16 divide 24725328?
True
Is 18 a factor of 381172265?
False
Is 277 a factor of 32519415?
False
Does 122 divide 164023215?
False
Does 18 divide 64726272?
True
Does 7 divide 21397878?
False
Is 376 a factor of 850043880?
True
Is 129 a factor of 4638463?
False
Is 86825950 a multiple of 50?
True
Is 75 a factor of 3453044143?
False
Is 520 a factor of 108102192?
False
Is 25527234 a multiple of 225?
False
Does 10 divide 3542005?
False
Does 4 divide 160131017?
False
Does 13 divide 778403402?
False
Is 1518057767 a multiple of 28?
False
Is 21 a factor of 76467846?
True
Is 45 a factor of 744109777?
False
Does 775 divide 217742907?
False
Does 11 divide 281356229?
True
Does 1444 divide 1607195104?
True
Is 25 a factor of 27139013?
False
Does 9 divide 256951217?
False
Is 25 a factor of 1081515797?
False
Is 2134 a factor of 223771240?
True
Is 9816924 a multiple of 13?
True
Is 186110024 a multiple of 44?
False
Does 19 divide 138127644?
True
Is 5575025 a multiple of 608?
False
Is 1115 a factor of 30065105?
False
Is 609 a factor of 4623542?
False
Is 13 a factor of 56418810?
False
Is 10802511 a multiple of 8?
False
Is 41578393 a multiple of 949?
False
Does 58 divide 174085179?
False
Does 13 divide 452857197?
True
Is 3159480246 a multiple of 741?
True
Is 630 a factor of 2214076?
False
Does 2248 divide 1048620064?
True
Does 16 divide 104122620?
False
Does 125 divide 30680875?
True
Does 440 divide 1282727600?
True
Does 467 divide 48932260?
True
Is 203 a factor of 171740989?
False
Does 561 divide 6952912?
False
Does 1302 divide 46234020?
True
Is 391491722 a multiple of 167?
False
Does 20 divide 3959888?
False
Is 123 a factor of 945129294?
True
Does 290 divide 80977570?
True
Does 5 divide 301999281?
False
Is 119 a factor of 217587930?
True
Does 27 divide 7328015?
False
Is 2870 a factor of 271372850?
True
Does 2958 divide 344126195?
False
Does 1883 divide 13352353?
True
Does 2369 divide 7943257?
True
Is 3 a factor of 46036530?
True
Does 84 divide 58145654?
False
Is 121134160 a multiple of 19?
False
Does 48 divide 307026096?
True
Is 30868572 a multiple of 84?
True
Does 86 divide 183603894?
True
Is 736 a factor of 10029507?
False
Is 305 a factor of 103746726?
False
Is 1300514 a multiple of 4?
F